the highest common factor of 72 and 21204.
36
What is the greatest common divisor of 3300 and 66?
66
Calculate the highest common factor of 490 and 1862.
98
What is the highest common factor of 20875 and 125?
125
What is the highest common factor of 8810 and 20?
10
What is the greatest common divisor of 175 and 1850?
25
Calculate the highest common factor of 180 and 45.
45
Calculate the highest common factor of 475 and 525.
25
Calculate the highest common divisor of 10 and 205.
5
What is the highest common factor of 17 and 17?
17
Calculate the greatest common divisor of 40 and 728.
8
Calculate the greatest common divisor of 528 and 114576.
528
Calculate the highest common divisor of 1 and 324.
1
What is the greatest common divisor of 8217 and 495?
99
What is the highest common divisor of 2235 and 30?
15
What is the greatest common divisor of 10 and 290?
10
What is the greatest common factor of 385 and 187?
11
Calculate the greatest common divisor of 3188 and 4.
4
Calculate the greatest common divisor of 60 and 3585.
15
What is the greatest common factor of 385 and 70?
35
What is the greatest common factor of 36 and 306?
18
Calculate the greatest common factor of 8961 and 174.
87
Calculate the highest common factor of 44 and 68.
4
What is the greatest common divisor of 288 and 7704?
72
Calculate the highest common divisor of 66 and 42.
6
What is the highest common divisor of 984 and 48?
24
Calculate the greatest common factor of 462 and 308.
154
What is the greatest common divisor of 1189 and 203?
29
Calculate the highest common factor of 115884 and 108.
108
What is the greatest common divisor of 12426 and 872?
218
Calculate the highest common factor of 66 and 10.
2
What is the highest common divisor of 218 and 2180?
218
Calculate the highest common divisor of 1560 and 216.
24
What is the highest common factor of 50 and 3780?
10
What is the highest common divisor of 45 and 40?
5
Calculate the highest common divisor of 30 and 23895.
15
Calculate the highest common divisor of 70 and 200.
10
What is the greatest common factor of 44 and 308?
44
What is the greatest common factor of 18 and 27?
9
Calculate the greatest common divisor of 5890 and 60.
10
Calculate the highest common divisor of 286 and 26.
26
Calculate the greatest common divisor of 2438 and 106.
106
What is the greatest common factor of 141 and 3619?
47
Calculate the highest common divisor of 6066 and 6.
6
What is the highest common divisor of 34 and 272?
34
Calculate the greatest common factor of 3 and 17.
1
Calculate the greatest common factor of 245 and 350.
35
Calculate the greatest common factor of 27 and 216.
27
Calculate the highest common factor of 2850 and 60.
30
Calculate the highest common divisor of 175 and 49.
7
Calculate the highest common factor of 1066 and 78.
26
Calculate the highest common factor of 107 and 1391.
107
Calculate the highest common divisor of 18 and 1062.
18
What is the greatest common factor of 11072 and 2422?
346
Calculate the highest common divisor of 63 and 6.
3
Calculate the greatest common divisor of 71188 and 26.
26
What is the highest common factor of 552 and 712?
8
What is the highest common factor of 1378 and 53?
53
What is the highest common factor of 26 and 14222?
26
Calculate the highest common factor of 112 and 46424.
56
Calculate the greatest common factor of 499 and 1.
1
Calculate the greatest common divisor of 45 and 45.
45
What is the highest common factor of 121 and 22?
11
What is the greatest common divisor of 18 and 1629?
9
Calculate the greatest common divisor of 116 and 34742.
58
What is the greatest common factor of 231 and 3773?
77
What is the highest common factor of 1400 and 1540?
140
Calculate the greatest common divisor of 10080 and 7.
7
Calculate the highest common divisor of 22534 and 133.
19
What is the greatest common divisor of 448 and 256?
64
Calculate the highest common factor of 939 and 27.
3
What is the greatest common divisor of 16130 and 10?
10
What is the highest common factor of 1968 and 240?
48
What is the greatest common divisor of 168 and 3976?
56
Calculate the greatest common divisor of 133 and 589.
19
What is the highest common factor of 984 and 1404?
12
Calculate the highest common divisor of 146 and 2.
2
What is the highest common divisor of 25 and 1525?
25
Calculate the greatest common divisor of 73 and 584.
73
What is the highest common factor of 1034 and 564?
94
What is the highest common divisor of 228 and 132?
12
What is the greatest common divisor of 1098 and 18?
18
Calculate the greatest common divisor of 240 and 15280.
80
Calculate the highest common divisor of 95 and 2280.
95
What is the highest common divisor of 51 and 153?
51
What is the highest common factor of 7182 and 38?
38
Calculate the highest common divisor of 2640 and 3360.
240
Calculate the greatest common factor of 87 and 30.
3
What is the highest common factor of 957 and 99?
33
What is the highest common factor of 265 and 18073?
53
Calculate the highest common divisor of 550 and 2530.
110
What is the greatest common divisor of 56 and 5677?
7
What is the highest common divisor of 1121 and 236?
59
What is the highest common factor of 28 and 266?
14
Calculate the greatest common divisor of 5 and 3530.
5
Calculate the greatest common factor of 91 and 169.
13
Calculate the highest common divisor of 27 and 9189.
9
What is the greatest common divisor of 64 and 288?
32
What is the greatest common factor of 22 and 7414?
22
Calculate the greatest common divisor of 12361 and 94.
47
What is the greatest common divisor of 14 and 1078?
14
Calculate the highest common factor of 30 and 310.
10
Calculate the highest common factor of 1431 and 1113.
159
What is the highest common factor of 112 and 28?
28
What is the greatest common factor of 185 and 148?
37
Calculate the highest common factor of 32 and 6.
2
Calculate the greatest common factor of 28 and 8.
4
Calculate the greatest common divisor of 232 and 216.
8
What is the highest common factor of 8538 and 6?
6
Calculate the highest common factor of 508 and 4.
4
What is the highest common factor of 51305 and 465?
155
What is the highest common factor of 3232 and 32?
32
Calculate the highest common factor of 703 and 148.
37
Calculate the highest common factor of 765 and 135.
45
Calculate the highest common divisor of 70 and 35.
35
Calculate the greatest common factor of 2958 and 8178.
174
Calculate the greatest common factor of 4476 and 12.
12
What is the greatest common factor of 804 and 60?
12
What is the highest common factor of 1717 and 170?
17
Calculate the highest common factor of 655 and 40.
5
What is the greatest common divisor of 303 and 21513?
303
What is the highest common factor of 6482 and 28?
14
What is the greatest common factor of 2253 and 3?
3
What is the greatest common divisor of 234 and 144?
18
What is the greatest common factor of 369 and 12013?
41
What is the highest common divisor of 1537 and 371?
53
What is the greatest common divisor of 1197 and 931?
133
Calculate the highest common divisor of 55 and 20.
5
What is the greatest common divisor of 319 and 87?
29
What is the greatest common factor of 3720 and 1320?
120
What is the greatest common factor of 114 and 608?
38
What is the highest common divisor of 72046 and 34?
34
Calculate the greatest common factor of 12 and 4638.
6
Calculate the greatest common factor of 208 and 304.
16
Calculate the highest common factor of 30 and 225.
15
What is the highest common factor of 420 and 21?
21
What is the highest common divisor of 36 and 20?
4
What is the highest common divisor of 275 and 715?
55
What is the greatest common divisor of 73 and 511?
73
What is the greatest common divisor of 11613 and 735?
147
Calculate the greatest common factor of 4779 and 243.
81
What is the greatest common factor of 165 and 6963?
33
What is the greatest common factor of 20 and 1445?
5
Calculate the highest common divisor of 429 and 264.
33
Calculate the greatest common factor of 161 and 46.
23
Calculate the greatest common factor of 28470 and 73.
73
Calculate the greatest common factor of 3474 and 18.
18
Calculate the highest common factor of 442 and 102.
34
What is the highest common factor of 200 and 320?
40
What is the highest common factor of 1